3*w = 8*w + 10*w. Let a(d) = -8*d - 2. Let x be a(-2). Suppose w = -12*b + x*b - 72. What is the units digit of b?
6
Let n = 2187 + -3713. What is the tens digit of n/(-3) - 40/24?
0
Suppose -3*b + 60 = b - 4*r, 2*b - 3*r = 25. Suppose -c + l = -4*l - b, -l = -2*c + 13. What is the units digit of (3/c)/(5/575)?
9
Suppose -3*y = 4*h + 23 + 81, 3*y = 2*h - 110. Let p = y - -118. Suppose 4*q - p - 490 = 0. What is the units digit of q?
3
Let l(o) = 172*o + 1177. What is the tens digit of l(28)?
9
Suppose 23 - 68 = -15*s. Suppose -322 = -s*v + 1079. What is the units digit of v?
7
Suppose -8*o + 53*o - 58188 = -7*o. What is the hundreds digit of o?
1
Let h(b) = b - 7 - 5 + 4 + 0. Let l be h(12). Suppose 4*o = -0*y + l*y - 80, -5*o - 5 = 0. What is the units digit of y?
9
Let x(p) = 25*p - 7*p - 6*p - 9 + 2*p**2. Let w(g) = 2*g**2 + 11*g - 9. Let r(y) = 7*w(y) - 6*x(y). What is the tens digit of r(-6)?
3
Let z(c) = -21*c - 35. Let x be z(-2). What is the hundreds digit of x*(-9)/(-3)*(-117)/(-3)?
8
What is the ten thousands digit of (54835 - 2)*((-4)/(-28))/((-16)/(-112))?
5
Let a = -22 - -34. Let m(g) = -1206*g + 2411*g - g**3 - 1208*g + 13*g**2. What is the units digit of m(a)?
8
Let o(a) = 15*a**3 - 3*a**2 + 32*a - 17. Suppose -81 - 87 = -42*w. What is the units digit of o(w)?
3
Let x be 2/(-10) - 1296/(-80). What is the units digit of -5*((-21)/1 + 32/x)?
5
What is the hundreds digit of 1 + 2350 - (-219 + 208)?
3
Suppose -3*j = 5*a - 37, 0 = -2*j - 12*a + 13*a + 16. Let y be (j/6)/(3/(-222)). Let r = y + 139. What is the tens digit of r?
2
Let v = 3002 - -1367. What is the thousands digit of v?
4
Suppose 115*z - 262829 = 583456. What is the tens digit of z?
5
Suppose -5*f = -3*t - 13778, -2*f - 7*t + 10*t + 5522 = 0. What is the units digit of f?
2
Suppose -2*w - 639 = -w - 2*h, 4*w + 2543 = -5*h. Let c = w + 725. What is the tens digit of c?
8
Let a(w) = 8*w - 17. Let n = -113 + 115. Let p be a(n). What is the hundreds digit of ((-308)/(-2) - 2) + p + 5?
1
Suppose 5*m + 13 = 4*q + 2, 5*q = 5*m + 15. Suppose -4*x = 3*a - 1424, -4 - 12 = q*x. What is the hundreds digit of a?
4
Suppose 47139 = 4*r + 3*v, -90*r - 47154 = -94*r + 2*v. What is the thousands digit of r?
1
Suppose 0*f + 5*l = 5*f - 10, -5*f - 2*l = -31. Suppose 4*m + 234 = 2*m + 4*w, 0 = -f*m + 4*w - 603. What is the units digit of (m/2)/(((-162)/(-24))/(-9))?
2
Let o = 49 - 30. Suppose -8*b + o = 499. Let j = 70 + b. What is the units digit of j?
0
Suppose -82*i + 93402 = -76*i. What is the thousands digit of i?
5
Let r(a) = 75*a + 13. Let t(k) = -k**2 - 12*k - 18. Let w be t(-10). Let y = 1 + w. What is the tens digit of r(y)?
3
Let o(k) = -15*k. Let y(f) = 14*f - 1. Let s(g) = 4*o(g) + 5*y(g). Let v be s(3). Suppose -4*n + v = -15. What is the units digit of n?
0
Suppose 188*c - 3882399 = 2482134 + 1720783. What is the hundreds digit of c?
0
Let h(j) = -18*j + 107. Let p(b) = b**3 + 13*b**2 + 12*b - 13. Let c be p(-12). What is the hundreds digit of h(c)?
3
Let d be 1*2/((-30)/9 + 4). Suppose -2903 - 234 = -5*h + 2*l, 0 = 3*h + d*l - 1878. What is the tens digit of h?
2
Let l(n) = -n**3 + 6*n**2 + 4*n + 25. Let j be l(7). Suppose -175 - 1473 = -j*s. What is the tens digit of s?
1
Let y(a) = a**3 + 18*a**2 + 18*a + 18. Let p = 37 + -54. Let x be y(p). Let r(w) = 25*w**3 + 2*w**2 - 1. What is the tens digit of r(x)?
2
Let t be 3*4/30 + 168/(-20). Let l = 3 + t. What is the units digit of l + (-120)/(-25) - 402/(-10)?
0
Let z(j) = -j**2 + 16*j - 35. Let m be z(5). Suppose 0 = m*o - 21869 + 1789. What is the hundreds digit of o?
0
Let y = 40236 + -22966. What is the hundreds digit of y?
2
Let h(b) = 1228*b + 567. What is the hundreds digit of h(23)?
8
Let q = 11828 - 7680. What is the hundreds digit of q?
1
What is the tens digit of ((-16916)/(-8))/(((-248)/48)/(-31))?
8
Let t = -264 - -284. Suppose -2174 - 1166 = -t*h. What is the hundreds digit of h?
1
Let f = 109 + -139. Let g be 30/9*(-10764)/f. Suppose -g = -18*q + 5*q. What is the units digit of q?
2
What is the hundreds digit of (-35652)/(-16)*2*12/18?
9
Suppose 31*z - 35944 = -5471. Suppose 2*q = -5*j + z, -j + 995 = -3*q + 5*q. What is the tens digit of q?
9
Suppose 3*n + 20 = -5*l, 2*l = -3*n + 5*l + 12. Suppose 5*p = x - 6*x + 5495, n = -3*p + x + 3309. What is the thousands digit of p?
1
Let c(p) = p**2 + 8. Suppose 32 = -u - 3*q, -19 = -2*u + 2*q - 123. Let i = u - -53. What is the units digit of c(i)?
4
Suppose 0 = 4*l - t - 7232, -5*l - 696 + 9736 = -t. Suppose 0 = -2*w + l + 796. What is the thousands digit of w?
1
Let h(i) = -3615*i**3 - 34*i - 78. What is the ten thousands digit of h(-2)?
2
Let v = -65 - -68. Suppose d = -5*o + v, -2*o + 29 = 3*d + 3*o. Suppose -2*a + 51 = -d. What is the tens digit of a?
3
Let z(c) = -3*c**3 - 15*c**2 + 176*c + 1930. What is the hundreds digit of z(-13)?
6
Let i(t) = t**2 - 10*t - 37. Let k be i(13). Suppose -2*g = -3*m + 83, m - 11 = -4*g - k. What is the tens digit of m?
2
Suppose -4*j + 0*j = -16. Suppose -99 = -d + j*v, v - 216 = 4*d - 6*d. Let y = d - 48. What is the units digit of y?
9
Let l(d) = 10*d - 106. Let q be l(11). Suppose q*o - 5*i = 2308, 5*o - 1216 - 1698 = -i. What is the units digit of o?
2
Let d(l) = -5*l**3 - l - 10. Let p be d(-5). Suppose 4*i - 3089 = 5*x, i - p = -4*x + 168. What is the tens digit of i?
7
Let j be 0/(-4*((-36)/8)/9). Suppose -5*d = -2*l + 949, -d - d - 6 = j. What is the hundreds digit of l?
4
Suppose -5*y = -5*q - 35 - 55, -2*q - 2*y = 36. What is the units digit of (332/(-12))/(2/q)?
9
Let y(x) = -x - 1. Let n be y(-1). Suppose -10*p = -n*p - 1650. What is the hundreds digit of p?
1
Let v = -3027 - -4420. What is the thousands digit of v?
1
What is the units digit of 16/(320/54170)*2?
7
Let m(y) = y**3 + 8*y**2 + 5*y + 8. Let w be m(-7). Let p(b) = -b**2 + 53*b - 20. What is the tens digit of p(w)?
6
Let m = -305 - -723. Suppose -3*w - 5*i = -m, 2*w = -3*w - 3*i + 702. What is the tens digit of w?
4
Suppose 22 = 2*x - 3*r, -r + 3*r = -4. Let u be x/(-6)*45/(-12). Suppose -3*j - 130 = -u*j. What is the tens digit of j?
6
Suppose -5*z + 2*z - 15 = -4*p, -z = 1. Suppose p*o - 5*o - 4*b = 28, -4*o + 2*b = 56. What is the units digit of 19/((o - -14) + (-2)/(-2))?
9
Suppose -10*b + 8363 = g - 14*b, 2*b = -14. What is the units digit of g?
5
Suppose -4*g = g - 80*g - 3150. Let f = -513 + 353. Let c = g - f. What is the tens digit of c?
1
Let g(n) = 7 - 4 - 27*n + 2*n**2 + 25*n. Let s be g(2). Suppose 0 = 2*c - s + 1, -85 = -5*t - 5*c. What is the units digit of t?
4
Let h(c) = 2613*c + 1783. What is the tens digit of h(8)?
8
Let d = 11899 + 16364. What is the tens digit of d?
6
Let y be (58/(-145))/(178/180 - 1). Suppose 2*m + 0*m = 0. Suppose -y*p + 35*p + 165 = m. What is the hundreds digit of p?
1
Suppose -8*c + 33 + 71 = 0. Suppose -c = -3*k + 29. Let f(t) = 4*t + 30. What is the units digit of f(k)?
6
Let a = 82448 + -19388. What is the ten thousands digit of a?
6
Let t be 18/(-27) + (-4)/3 + -3. Let z(p) = -15*p + 16. What is the units digit of z(t)?
1
Suppose 5*g - 7*g = -6. Suppose 0 = -2*s - g*b + 26, 3*s = -4*b - b + 40. What is the units digit of ((-142)/4)/(s/(-20))?
1
Suppose 31*o - 67998 = 4666. What is the thousands digit of o?
2
Let y = -6785 - -10216. What is the hundreds digit of y?
4
Let f = 21680 - 1018. What is the units digit of f?
2
Let x(u) = 519*u**2 - 2*u - 5. Let d be x(-2). Suppose -d = -5*y - 435. What is the tens digit of y?
2
Let u(t) = -135*t**3 + 4*t + 2. Let f be u(-1). Suppose -5*c = f - 548. Let m = c - -11. What is the units digit of m?
4
Let q(h) = -3*h**3 + 29*h**2 + 3*h + 4. What is the units digit of q(9)?
3
Suppose -2831 = -4*g + 3*c, 3*g + 0*c - 2124 = 2*c. Suppose -g = -5*b + 925. What is the tens digit of b?
2
What is the ten thousands digit of 285/(-12)*(-228)/30*118?
2
Suppose 72 = 1069*p - 1067*p. Suppose -36162 = -p*z - 27*z. What is the units digit of z?
4
Let n(l) = l - 3 + 20 - 2*l. Let k be n(-11). Suppose -44 = -f + k. What is the tens digit of f?
7
Let p(k) = 2*k + 1594. What is the thousands digit of p(-62)?
1
Suppose -3*u - w = -265 - 172, 5*u + 2*w - 728 = 0. Let q = -37 - 47. Let y = u + q. What is the units digit of y?
2
Let o = -6414 - -18276. What is the units digit of o?
2
Let g(